{"id":632,"date":"2020-09-29T21:01:35","date_gmt":"2020-09-29T21:01:35","guid":{"rendered":"https:\/\/arsum.cl\/?page_id=632"},"modified":"2020-09-29T21:11:10","modified_gmt":"2020-09-29T21:11:10","slug":"los-arquitectos-se-agrandan","status":"publish","type":"page","link":"https:\/\/arsum.cl\/?page_id=632","title":{"rendered":"Los arquitectos se agrandan"},"content":{"rendered":"\t\t<div data-elementor-type=\"wp-page\" data-elementor-id=\"632\" class=\"elementor elementor-632\">\n\t\t\t\t\t\t<div class=\"elementor-inner\">\n\t\t\t\t<div class=\"elementor-section-wrap\">\n\t\t\t\t\t\t\t\t\t<section class=\"elementor-section elementor-top-section elementor-element elementor-element-4da0682 elementor-section-boxed elementor-section-height-default elementor-section-height-default\" data-id=\"4da0682\" data-element_type=\"section\">\n\t\t\t\t\t\t<div class=\"elementor-container elementor-column-gap-default\">\n\t\t\t\t\t\t\t<div class=\"elementor-row\">\n\t\t\t\t\t<div class=\"elementor-column elementor-col-100 elementor-top-column elementor-element elementor-element-07af2ea\" data-id=\"07af2ea\" data-element_type=\"column\">\n\t\t\t<div class=\"elementor-column-wrap elementor-element-populated\">\n\t\t\t\t\t\t\t<div class=\"elementor-widget-wrap\">\n\t\t\t\t\t\t<div class=\"elementor-element elementor-element-3ce0ace elementor-widget elementor-widget-text-editor\" data-id=\"3ce0ace\" data-element_type=\"widget\" data-widget_type=\"text-editor.default\">\n\t\t\t\t<div class=\"elementor-widget-container\">\n\t\t\t\t\t\t\t\t<div class=\"elementor-text-editor elementor-clearfix\">\n\t\t\t\t<h5>\u00bfC\u00f3mo se relacionan los equipos empresariales y los arquitectos hoy en d\u00eda? \u00bfSe relacionan porque tienen que hacerlo o porque los arquitectos les facilitan la vida y los proyectos tienen m\u00e1s impacto?<\/h5>\t\t\t\t\t<\/div>\n\t\t\t\t\t\t<\/div>\n\t\t\t\t<\/div>\n\t\t\t\t\t\t<\/div>\n\t\t\t\t\t<\/div>\n\t\t<\/div>\n\t\t\t\t\t\t\t\t<\/div>\n\t\t\t\t\t<\/div>\n\t\t<\/section>\n\t\t\t\t<section class=\"elementor-section elementor-top-section elementor-element elementor-element-2a841a2 elementor-section-boxed elementor-section-height-default elementor-section-height-default\" data-id=\"2a841a2\" data-element_type=\"section\">\n\t\t\t\t\t\t<div class=\"elementor-container elementor-column-gap-default\">\n\t\t\t\t\t\t\t<div class=\"elementor-row\">\n\t\t\t\t\t<div class=\"elementor-column elementor-col-100 elementor-top-column elementor-element elementor-element-cd33c9b\" data-id=\"cd33c9b\" data-element_type=\"column\">\n\t\t\t<div class=\"elementor-column-wrap elementor-element-populated\">\n\t\t\t\t\t\t\t<div class=\"elementor-widget-wrap\">\n\t\t\t\t\t\t<div class=\"elementor-element elementor-element-37e0b7a elementor-widget elementor-widget-text-editor\" data-id=\"37e0b7a\" data-element_type=\"widget\" data-widget_type=\"text-editor.default\">\n\t\t\t\t<div class=\"elementor-widget-container\">\n\t\t\t\t\t\t\t\t<div class=\"elementor-text-editor elementor-clearfix\">\n\t\t\t\t<p style=\"font-variant-ligatures: normal; font-variant-caps: normal; font-family: Roboto, sans-serif; font-size: 14px; font-style: normal; font-weight: 400;\">Una gran m\u00e9trica de \u00e9xito para los arquitectos es que los equipos empresariales quieran trabajar con ellos. Desafortunadamente, en algunas organizaciones de TI, los arquitectos rara vez trabajan hombro con hombro con su empresa o incluso con sus compa\u00f1eros de TI. Para hacer la transici\u00f3n de \u00abhacer arquitectura\u00bb a ofrecer valor, los arquitectos deben tener la oportunidad de trabajar de diferentes maneras, desarrollar sus habilidades y convertirse en l\u00edderes reconocidos en su disciplina tecnol\u00f3gica.<\/p><p style=\"font-variant-ligatures: normal; font-variant-caps: normal; font-family: Roboto, sans-serif; font-size: 14px; font-style: normal; font-weight: 400;\"><span style=\"font-size: 14px;\">Estas oportunidades incluyen:<\/span><\/p>\t\t\t\t\t<\/div>\n\t\t\t\t\t\t<\/div>\n\t\t\t\t<\/div>\n\t\t\t\t\t\t<\/div>\n\t\t\t\t\t<\/div>\n\t\t<\/div>\n\t\t\t\t\t\t\t\t<\/div>\n\t\t\t\t\t<\/div>\n\t\t<\/section>\n\t\t\t\t<section class=\"elementor-section elementor-top-section elementor-element elementor-element-b8466a8 elementor-section-boxed elementor-section-height-default elementor-section-height-default\" data-id=\"b8466a8\" data-element_type=\"section\">\n\t\t\t\t\t\t<div class=\"elementor-container elementor-column-gap-default\">\n\t\t\t\t\t\t\t<div class=\"elementor-row\">\n\t\t\t\t\t<div class=\"elementor-column elementor-col-100 elementor-top-column elementor-element elementor-element-45b51f9\" data-id=\"45b51f9\" data-element_type=\"column\">\n\t\t\t<div class=\"elementor-column-wrap elementor-element-populated\">\n\t\t\t\t\t\t\t<div class=\"elementor-widget-wrap\">\n\t\t\t\t\t\t<div class=\"elementor-element elementor-element-9939fac elementor-widget elementor-widget-text-editor\" data-id=\"9939fac\" data-element_type=\"widget\" data-widget_type=\"text-editor.default\">\n\t\t\t\t<div class=\"elementor-widget-container\">\n\t\t\t\t\t\t\t\t<div class=\"elementor-text-editor elementor-clearfix\">\n\t\t\t\t<ul><li><b>Impulsar la agilidad y la velocidad del negocio<\/b>. A medida que se acelera la complejidad de la tecnolog\u00eda y el ritmo de la innovaci\u00f3n, los arquitectos pueden desempe\u00f1ar un papel fundamental para ayudar a comprender el panorama m\u00e1s amplio en t\u00e9rminos de operaci\u00f3n y administraci\u00f3n de entornos de sistemas complejos, como cargas de trabajo h\u00edbridas, de m\u00faltiples nubes, etc. Los arquitectos tambi\u00e9n pueden ayudar a definir c\u00f3mo deben estructurarse las arquitecturas y pr\u00e1cticas de DevOps y NoOps y ayudar a impulsar los esfuerzos culturales y de capacitaci\u00f3n necesarios para hacer iniciativas exitosas.<br \/><br \/><\/li><li><b>Ser m\u00e1s responsable de los resultados de la soluci\u00f3n<\/b>. Los arquitectos, como todos los dem\u00e1s en TI, deber\u00edan poder prosperar dentro de las limitaciones de presupuesto, horarios y escasez de habilidades. A medida que los arquitectos comiencen a trabajar m\u00e1s de cerca con equipos de desarrollo en r\u00e1pido movimiento, su competencia se expandir\u00e1 para incluir el dise\u00f1o para las necesidades arquitect\u00f3nicas y tecnol\u00f3gicas espec\u00edficas de proyectos individuales. Para los arquitectos, que no est\u00e1n acostumbrados a trabajar \u201cen la maleza\u201d con el equipo de primera l\u00ednea, esto representa un cambio radical en el enfoque. Los arquitectos, junto con el resto del equipo, deben ser responsables de los resultados generales del proyecto.<br \/><br \/><\/li><li><b>Aumento de la productividad de los desarrolladores<\/b>. Los l\u00edderes de TI pueden mejorar la productividad de los desarrolladores al incorporar las preocupaciones de la arquitectura en herramientas y lenguajes disponibles, eliminando as\u00ed la necesidad de que los desarrolladores tomen decisiones sobre la arquitectura. El trabajo de adaptar las herramientas y los lenguajes del desarrollador requiere una colaboraci\u00f3n pr\u00e1ctica entre arquitectos y desarrolladores con arquitectos obligados a mantenerse conectados y actualizados en un panorama tecnol\u00f3gico que cambia r\u00e1pidamente.<br \/><br \/><\/li><li><b>Equilibrar las prioridades comerciales y tecnol\u00f3gicas<\/b>. Para los laicos empresariales no t\u00e9cnicos, los arquitectos pueden parecer m\u00e1s acad\u00e9micos que tecn\u00f3logos. Sus propuestas, aunque conceptualmente sofisticadas, pueden no estar limitadas por las restricciones de tiempo y presupuesto de la vida real. A medida que la arquitectura despierta, la tendencia cobra impulso, los arquitectos trabajar\u00e1n para ser m\u00e1s fluidos en los objetivos y estrategias de la empresa para que puedan tomar decisiones de compensaci\u00f3n cre\u00edbles, que equilibren la tecnolog\u00eda y las prioridades comerciales. Sin esta comprensi\u00f3n m\u00e1s amplia de los negocios, la funci\u00f3n del arquitecto y la influencia en la empresa en general ser\u00e1 limitada.<br \/><br \/><\/li><li><b>Optimizaci\u00f3n de costos operativos<\/b>. A medida que las organizaciones migran a la nube, hay una variedad de opciones diferentes con perfiles de costos diferenciados y grados de dependencia del proveedor a considerar. La elecci\u00f3n de la infraestructura como servicio, la plataforma como servicio, el software como servicio o la funci\u00f3n como servicio puede generar diferencias de \u00f3rdenes de magnitud en los costos operativos, seg\u00fan la naturaleza del uso del servicio y patrones de acceso. Los dise\u00f1adores de sistemas necesitar\u00e1n cada vez m\u00e1s pasar del dimensionamiento y estimaci\u00f3n de costos est\u00e1ticos a predicciones m\u00e1s din\u00e1micas como parte del proceso de dise\u00f1o del sistema.<br \/><br \/><\/li><li><b>Difundir el mensaje de la arquitectura<\/b>. No es raro que los arquitectos sientan que sus empresas invierten poco en arquitectura. La desafortunada realidad es que es probable que la arquitectura no cuente con los fondos suficientes si los arquitectos no pueden hacer un caso comercial s\u00f3lido para invertir en arquitectura conectando su valor con resultados comerciales espec\u00edficos. Necesitan cuantificar el valor de la agilidad empresarial, las ofertas de productos y los servicios innovadores que permite la arquitectura y difundir el mensaje de la arquitectura en toda la organizaci\u00f3n.<\/li><\/ul><div>\u00a0<\/div>\t\t\t\t\t<\/div>\n\t\t\t\t\t\t<\/div>\n\t\t\t\t<\/div>\n\t\t\t\t\t\t<\/div>\n\t\t\t\t\t<\/div>\n\t\t<\/div>\n\t\t\t\t\t\t\t\t<\/div>\n\t\t\t\t\t<\/div>\n\t\t<\/section>\n\t\t\t\t<section class=\"elementor-section elementor-top-section elementor-element elementor-element-67af8f7 elementor-section-boxed elementor-section-height-default elementor-section-height-default\" data-id=\"67af8f7\" data-element_type=\"section\">\n\t\t\t\t\t\t<div class=\"elementor-container elementor-column-gap-default\">\n\t\t\t\t\t\t\t<div class=\"elementor-row\">\n\t\t\t\t\t<div class=\"elementor-column elementor-col-100 elementor-top-column elementor-element elementor-element-6504f53\" data-id=\"6504f53\" data-element_type=\"column\">\n\t\t\t<div class=\"elementor-column-wrap elementor-element-populated\">\n\t\t\t\t\t\t\t<div class=\"elementor-widget-wrap\">\n\t\t\t\t\t\t<div class=\"elementor-element elementor-element-ac0cdd5 elementor-widget elementor-widget-text-editor\" data-id=\"ac0cdd5\" data-element_type=\"widget\" data-widget_type=\"text-editor.default\">\n\t\t\t\t<div class=\"elementor-widget-container\">\n\t\t\t\t\t\t\t\t<div class=\"elementor-text-editor elementor-clearfix\">\n\t\t\t\t<p>La buena noticia es que muchos l\u00edderes de TI ya est\u00e1n pensando en formas de hacer crecer los roles de sus arquitectos. Durante un webcast reciente de Deloitte Dbriefs titulado \u00abEl futuro de la arquitectura: dise\u00f1ar una base para el crecimiento\u00bb, se pidi\u00f3 a m\u00e1s de dos mil CIO, CTO y otros l\u00edderes tecnol\u00f3gicos que describieran el alcance futuro del rol de arquitecto en sus organizaciones. El cuarenta y dos por ciento dijo que \u00abse espera que los arquitectos est\u00e9n m\u00e1s especializados t\u00e9cnicamente y m\u00e1s en sinton\u00eda con el panorama empresarial\u00bb.<\/p>\t\t\t\t\t<\/div>\n\t\t\t\t\t\t<\/div>\n\t\t\t\t<\/div>\n\t\t\t\t\t\t<\/div>\n\t\t\t\t\t<\/div>\n\t\t<\/div>\n\t\t\t\t\t\t\t\t<\/div>\n\t\t\t\t\t<\/div>\n\t\t<\/section>\n\t\t\t\t<section class=\"elementor-section elementor-top-section elementor-element elementor-element-5e41579 elementor-section-boxed elementor-section-height-default elementor-section-height-default\" data-id=\"5e41579\" data-element_type=\"section\">\n\t\t\t\t\t\t<div class=\"elementor-container elementor-column-gap-default\">\n\t\t\t\t\t\t\t<div class=\"elementor-row\">\n\t\t\t\t\t<div class=\"elementor-column elementor-col-100 elementor-top-column elementor-element elementor-element-42518f4\" data-id=\"42518f4\" data-element_type=\"column\">\n\t\t\t<div class=\"elementor-column-wrap elementor-element-populated\">\n\t\t\t\t\t\t\t<div class=\"elementor-widget-wrap\">\n\t\t\t\t\t\t<div class=\"elementor-element elementor-element-be8a114 elementor-widget-divider--view-line elementor-widget elementor-widget-divider\" data-id=\"be8a114\" data-element_type=\"widget\" data-widget_type=\"divider.default\">\n\t\t\t\t<div class=\"elementor-widget-container\">\n\t\t\t\t\t<div class=\"elementor-divider\">\n\t\t\t<span class=\"elementor-divider-separator\">\n\t\t\t\t\t\t<\/span>\n\t\t<\/div>\n\t\t\t\t<\/div>\n\t\t\t\t<\/div>\n\t\t\t\t\t\t<\/div>\n\t\t\t\t\t<\/div>\n\t\t<\/div>\n\t\t\t\t\t\t\t\t<\/div>\n\t\t\t\t\t<\/div>\n\t\t<\/section>\n\t\t\t\t<section class=\"elementor-section elementor-top-section elementor-element elementor-element-dc11135 elementor-section-boxed elementor-section-height-default elementor-section-height-default\" data-id=\"dc11135\" data-element_type=\"section\">\n\t\t\t\t\t\t<div class=\"elementor-container elementor-column-gap-default\">\n\t\t\t\t\t\t\t<div class=\"elementor-row\">\n\t\t\t\t\t<div class=\"elementor-column elementor-col-100 elementor-top-column elementor-element elementor-element-4aaa64e\" data-id=\"4aaa64e\" data-element_type=\"column\">\n\t\t\t<div class=\"elementor-column-wrap elementor-element-populated\">\n\t\t\t\t\t\t\t<div class=\"elementor-widget-wrap\">\n\t\t\t\t\t\t<div class=\"elementor-element elementor-element-f2a37cc elementor-widget elementor-widget-text-editor\" data-id=\"f2a37cc\" data-element_type=\"widget\" data-widget_type=\"text-editor.default\">\n\t\t\t\t<div class=\"elementor-widget-container\">\n\t\t\t\t\t\t\t\t<div class=\"elementor-text-editor elementor-clearfix\">\n\t\t\t\t<p><i>Este art\u00edculo es un extracto de \u00abLa Arquitectura Despierta\u00bb, contenido en el documento \u00abTech Trends 2020\u00bb publicado por Deloitte.<\/i><\/p>\t\t\t\t\t<\/div>\n\t\t\t\t\t\t<\/div>\n\t\t\t\t<\/div>\n\t\t\t\t\t\t<\/div>\n\t\t\t\t\t<\/div>\n\t\t<\/div>\n\t\t\t\t\t\t\t\t<\/div>\n\t\t\t\t\t<\/div>\n\t\t<\/section>\n\t\t\t\t\t\t\t\t\t<\/div>\n\t\t\t<\/div>\n\t\t\t\t\t<\/div>\n\t\t","protected":false},"excerpt":{"rendered":"<p>\u00bfC\u00f3mo se relacionan los equipos empresariales y los arquitectos hoy en d\u00eda? \u00bfSe relacionan porque tienen que hacerlo o porque los arquitectos les facilitan la vida y los proyectos tienen m\u00e1s impacto? Una gran m\u00e9trica de \u00e9xito para los arquitectos es que los equipos empresariales quieran trabajar con ellos. Desafortunadamente, en algunas organizaciones de TI, [&hellip;]<\/p>\n","protected":false},"author":1,"featured_media":0,"parent":305,"menu_order":0,"comment_status":"closed","ping_status":"closed","template":"","meta":{"ocean_post_layout":"","ocean_both_sidebars_style":"","ocean_both_sidebars_content_width":0,"ocean_both_sidebars_sidebars_width":0,"ocean_sidebar":"0","ocean_second_sidebar":"0","ocean_disable_margins":"enable","ocean_add_body_class":"","ocean_shortcode_before_top_bar":"","ocean_shortcode_after_top_bar":"","ocean_shortcode_before_header":"","ocean_shortcode_after_header":"","ocean_has_shortcode":"","ocean_shortcode_after_title":"","ocean_shortcode_before_footer_widgets":"","ocean_shortcode_after_footer_widgets":"","ocean_shortcode_before_footer_bottom":"","ocean_shortcode_after_footer_bottom":"","ocean_display_top_bar":"default","ocean_display_header":"default","ocean_header_style":"","ocean_center_header_left_menu":"0","ocean_custom_header_template":"0","ocean_custom_logo":0,"ocean_custom_retina_logo":0,"ocean_custom_logo_max_width":0,"ocean_custom_logo_tablet_max_width":0,"ocean_custom_logo_mobile_max_width":0,"ocean_custom_logo_max_height":0,"ocean_custom_logo_tablet_max_height":0,"ocean_custom_logo_mobile_max_height":0,"ocean_header_custom_menu":"0","ocean_menu_typo_font_family":"0","ocean_menu_typo_font_subset":"","ocean_menu_typo_font_size":0,"ocean_menu_typo_font_size_tablet":0,"ocean_menu_typo_font_size_mobile":0,"ocean_menu_typo_font_size_unit":"px","ocean_menu_typo_font_weight":"","ocean_menu_typo_font_weight_tablet":"","ocean_menu_typo_font_weight_mobile":"","ocean_menu_typo_transform":"","ocean_menu_typo_transform_tablet":"","ocean_menu_typo_transform_mobile":"","ocean_menu_typo_line_height":0,"ocean_menu_typo_line_height_tablet":0,"ocean_menu_typo_line_height_mobile":0,"ocean_menu_typo_line_height_unit":"","ocean_menu_typo_spacing":0,"ocean_menu_typo_spacing_tablet":0,"ocean_menu_typo_spacing_mobile":0,"ocean_menu_typo_spacing_unit":"","ocean_menu_link_color":"","ocean_menu_link_color_hover":"","ocean_menu_link_color_active":"","ocean_menu_link_background":"","ocean_menu_link_hover_background":"","ocean_menu_link_active_background":"","ocean_menu_social_links_bg":"","ocean_menu_social_hover_links_bg":"","ocean_menu_social_links_color":"","ocean_menu_social_hover_links_color":"","ocean_disable_title":"default","ocean_disable_heading":"default","ocean_post_title":"","ocean_post_subheading":"","ocean_post_title_style":"background-image","ocean_post_title_background_color":"","ocean_post_title_background":637,"ocean_post_title_bg_image_position":"","ocean_post_title_bg_image_attachment":"","ocean_post_title_bg_image_repeat":"","ocean_post_title_bg_image_size":"","ocean_post_title_height":0,"ocean_post_title_bg_overlay":0.5,"ocean_post_title_bg_overlay_color":"","ocean_disable_breadcrumbs":"default","ocean_breadcrumbs_color":"","ocean_breadcrumbs_separator_color":"","ocean_breadcrumbs_links_color":"","ocean_breadcrumbs_links_hover_color":"","ocean_display_footer_widgets":"default","ocean_display_footer_bottom":"default","ocean_custom_footer_template":"0"},"_links":{"self":[{"href":"https:\/\/arsum.cl\/index.php?rest_route=\/wp\/v2\/pages\/632"}],"collection":[{"href":"https:\/\/arsum.cl\/index.php?rest_route=\/wp\/v2\/pages"}],"about":[{"href":"https:\/\/arsum.cl\/index.php?rest_route=\/wp\/v2\/types\/page"}],"author":[{"embeddable":true,"href":"https:\/\/arsum.cl\/index.php?rest_route=\/wp\/v2\/users\/1"}],"replies":[{"embeddable":true,"href":"https:\/\/arsum.cl\/index.php?rest_route=%2Fwp%2Fv2%2Fcomments&post=632"}],"version-history":[{"count":5,"href":"https:\/\/arsum.cl\/index.php?rest_route=\/wp\/v2\/pages\/632\/revisions"}],"predecessor-version":[{"id":639,"href":"https:\/\/arsum.cl\/index.php?rest_route=\/wp\/v2\/pages\/632\/revisions\/639"}],"up":[{"embeddable":true,"href":"https:\/\/arsum.cl\/index.php?rest_route=\/wp\/v2\/pages\/305"}],"wp:attachment":[{"href":"https:\/\/arsum.cl\/index.php?rest_route=%2Fwp%2Fv2%2Fmedia&parent=632"}],"curies":[{"name":"wp","href":"https:\/\/api.w.org\/{rel}","templated":true}]}}